{"id":5837,"date":"2024-09-10T15:05:46","date_gmt":"2024-09-10T18:05:46","guid":{"rendered":"https:\/\/www.igrejabatistadecorreas.com.br\/2018\/?page_id=5837"},"modified":"2025-10-29T14:31:15","modified_gmt":"2025-10-29T17:31:15","slug":"celulas","status":"publish","type":"page","link":"https:\/\/www.igrejabatistadecorreas.com.br\/2018\/celulas\/","title":{"rendered":"C\u00c9LULAS"},"content":{"rendered":"<h1 style=\"text-align: center;\"><strong>C\u00c9LULAS<\/strong><\/h1>\n<h3><\/h3>\n<h3 style=\"text-align: center;\">Um lugar onde pessoas se conectam<br \/>\npara buscar a Deus, gerar relacionamentos saud\u00e1veis e viver igreja.<\/h3>\n<h3><\/h3>\n<h3 class=\"elementor-heading-title elementor-size-default\" style=\"text-align: center;\"><strong>&#8220;Todos os dias, no templo e de casa em casa, n\u00e3o deixavam de ensinar e proclamar que Jesus \u00e9 o Cristo.&#8221;\u00a0<\/strong><\/h3>\n<h4 class=\"elementor-heading-title elementor-size-default\" style=\"text-align: right;\"><strong>Atos 5:42<\/strong><\/h4>\n<h3><strong>Encontre a sua C\u00e9lula:<\/strong><\/h3>\n<p><img data-recalc-dims=\"1\" fetchpriority=\"high\" decoding=\"async\" class=\"alignnone size-full wp-image-6028\" src=\"https:\/\/i0.wp.com\/www.igrejabatistadecorreas.com.br\/2018\/wp-content\/uploads\/2025\/10\/LISTA-DE-ANFITRIOES-3-scaled.png?resize=800%2C600&#038;ssl=1\" alt=\"\" width=\"800\" height=\"600\" srcset=\"https:\/\/i0.wp.com\/www.igrejabatistadecorreas.com.br\/2018\/wp-content\/uploads\/2025\/10\/LISTA-DE-ANFITRIOES-3-scaled.png?w=2560&amp;ssl=1 2560w, https:\/\/i0.wp.com\/www.igrejabatistadecorreas.com.br\/2018\/wp-content\/uploads\/2025\/10\/LISTA-DE-ANFITRIOES-3-scaled.png?resize=300%2C225&amp;ssl=1 300w, https:\/\/i0.wp.com\/www.igrejabatistadecorreas.com.br\/2018\/wp-content\/uploads\/2025\/10\/LISTA-DE-ANFITRIOES-3-scaled.png?resize=1024%2C768&amp;ssl=1 1024w, https:\/\/i0.wp.com\/www.igrejabatistadecorreas.com.br\/2018\/wp-content\/uploads\/2025\/10\/LISTA-DE-ANFITRIOES-3-scaled.png?resize=768%2C576&amp;ssl=1 768w, https:\/\/i0.wp.com\/www.igrejabatistadecorreas.com.br\/2018\/wp-content\/uploads\/2025\/10\/LISTA-DE-ANFITRIOES-3-scaled.png?resize=1536%2C1152&amp;ssl=1 1536w, https:\/\/i0.wp.com\/www.igrejabatistadecorreas.com.br\/2018\/wp-content\/uploads\/2025\/10\/LISTA-DE-ANFITRIOES-3-scaled.png?resize=2048%2C1536&amp;ssl=1 2048w, https:\/\/i0.wp.com\/www.igrejabatistadecorreas.com.br\/2018\/wp-content\/uploads\/2025\/10\/LISTA-DE-ANFITRIOES-3-scaled.png?w=1600&amp;ssl=1 1600w, https:\/\/i0.wp.com\/www.igrejabatistadecorreas.com.br\/2018\/wp-content\/uploads\/2025\/10\/LISTA-DE-ANFITRIOES-3-scaled.png?w=2400&amp;ssl=1 2400w\" sizes=\"(max-width: 800px) 100vw, 800px\" \/><\/p>\n","protected":false},"excerpt":{"rendered":"<p>C\u00c9LULAS Um lugar onde pessoas se conectam para buscar a Deus, gerar relacionamentos saud\u00e1veis e viver igreja. &#8220;Todos os dias, no templo e de casa em casa, n\u00e3o deixavam de &#8230;<\/p>\n","protected":false},"author":7,"featured_media":0,"parent":0,"menu_order":0,"comment_status":"closed","ping_status":"closed","template":"","meta":{"footnotes":""},"class_list":["post-5837","page","type-page","status-publish","hentry"],"jetpack_sharing_enabled":true,"_links":{"self":[{"href":"https:\/\/www.igrejabatistadecorreas.com.br\/2018\/wp-json\/wp\/v2\/pages\/5837","targetHints":{"allow":["GET"]}}],"collection":[{"href":"https:\/\/www.igrejabatistadecorreas.com.br\/2018\/wp-json\/wp\/v2\/pages"}],"about":[{"href":"https:\/\/www.igrejabatistadecorreas.com.br\/2018\/wp-json\/wp\/v2\/types\/page"}],"author":[{"embeddable":true,"href":"https:\/\/www.igrejabatistadecorreas.com.br\/2018\/wp-json\/wp\/v2\/users\/7"}],"replies":[{"embeddable":true,"href":"https:\/\/www.igrejabatistadecorreas.com.br\/2018\/wp-json\/wp\/v2\/comments?post=5837"}],"version-history":[{"count":17,"href":"https:\/\/www.igrejabatistadecorreas.com.br\/2018\/wp-json\/wp\/v2\/pages\/5837\/revisions"}],"predecessor-version":[{"id":6029,"href":"https:\/\/www.igrejabatistadecorreas.com.br\/2018\/wp-json\/wp\/v2\/pages\/5837\/revisions\/6029"}],"wp:attachment":[{"href":"https:\/\/www.igrejabatistadecorreas.com.br\/2018\/wp-json\/wp\/v2\/media?parent=5837"}],"curies":[{"name":"wp","href":"https:\/\/api.w.org\/{rel}","templated":true}]}}