{"id":2211,"date":"2019-07-05T15:42:25","date_gmt":"2019-07-05T18:42:25","guid":{"rendered":"https:\/\/www.igrejabatistadecorreas.com.br\/2018\/?page_id=2211"},"modified":"2023-10-30T10:52:22","modified_gmt":"2023-10-30T13:52:22","slug":"um-principio-fundamental","status":"publish","type":"page","link":"https:\/\/www.igrejabatistadecorreas.com.br\/2018\/palavra-pastoral\/um-principio-fundamental\/","title":{"rendered":"Um princ\u00edpio fundamental"},"content":{"rendered":"\t\t<div data-elementor-type=\"wp-page\" data-elementor-id=\"2211\" class=\"elementor elementor-2211\">\n\t\t\t\t<div class=\"elementor-element elementor-element-4f1f3da e-flex e-con-boxed e-con e-parent\" data-id=\"4f1f3da\" data-element_type=\"container\" data-e-type=\"container\">\n\t\t\t\t\t<div class=\"e-con-inner\">\n\t\t\t\t<div class=\"elementor-element elementor-element-2322e6a elementor-drop-cap-yes elementor-widget__width-inherit elementor-drop-cap-view-default elementor-widget elementor-widget-text-editor\" data-id=\"2322e6a\" data-element_type=\"widget\" data-e-type=\"widget\" data-settings=\"{&quot;drop_cap&quot;:&quot;yes&quot;}\" data-widget_type=\"text-editor.default\">\n\t\t\t\t<div class=\"elementor-widget-container\">\n\t\t\t\t\t\t\t\t\t<p>Esta \u00e9 a gera\u00e7\u00e3o que desenvolve velozmente as suas mudan\u00e7as, transforma\u00e7\u00f5es e id\u00e9ias em todos os n\u00edveis sociais, profissionais e religiosos. Estamos no tempo dos novos conceitos, princ\u00edpios e crit\u00e9rios que chegam substituindo os antigos, muitas vezes sem a devida paci\u00eancia e adequa\u00e7\u00e3o, causando grandes preju\u00edzos, insatisfa\u00e7\u00f5es e crises. As mudan\u00e7as s\u00e3o necess\u00e1rias, \u00e0s vezes pensamos que s\u00e3o uma puni\u00e7\u00e3o \u00e0s vezes uma b\u00ean\u00e7\u00e3o, dependem de nossa interpreta\u00e7\u00e3o e objetivo, mas com certeza s\u00e3o uma necessidade. Mesmo assim n\u00e3o deixam de ser assustadoras. Muito do que conhecemos nos foram ensinados nas \u00faltimas gera\u00e7\u00f5es, pelos bisav\u00f3s, av\u00f3s, pais, professores, l\u00edderes, pastores e, at\u00e9 pol\u00edticos. O resultado destes pontos cardeais transmutados t\u00eam gerado enormes debates, embates e, at\u00e9 grandes conflitos quase que irrevers\u00edveis. O Pastor Danny Siljk em seu livro \u201cA Cultura da Honra\u201d define o seguinte: \u201cO princ\u00edpio da honra especifica que reconhecer com exatid\u00e3o quem as pessoas s\u00e3o nos posicionar\u00e1 para dar a elas o que merecem e para receber o presente de quem elas s\u00e3o em nossas vidas\u201d. Ele continua dizendo: \u201cA honra gera relacionamentos que d\u00e3o vida e promove vida\u201d. Para a pr\u00e1tica desse princ\u00edpio espiritual de grandes propor\u00e7\u00f5es e resultados extraordin\u00e1rios, precisamos identificar quem s\u00e3o as pessoas que devemos honrar, de acordo com as identidades e os papeis que Deus deu a cada uma delas. Jesus deu uma aula de honra, incr\u00edvel em Mateus 10:41, instruindo os disc\u00edpulos assim: Quem recebe um profeta em qualidade de profeta, receber\u00e1 galard\u00e3o de profeta; e quem recebe um justo na qualidade de justo, receber\u00e1 galard\u00e3o de justo. O Antigo Testamento mostra como a tirania do Egito distorceu a vis\u00e3o e o relacionamento do povo de Israel com autoridades, fazendo deles um povo insubordinado e obstinado. Sua rebeldia nasceu no h\u00e1bito de reclamar (Nm 11, 14), percorreu o caminho da implic\u00e2ncia por quest\u00f5es pessoais (Nm 12) at\u00e9 chegar ao extremo do motim contra Mois\u00e9s por causa da ambi\u00e7\u00e3o pelo poder (Nm 16). Ao inv\u00e9s da cultura de honra do Reino, viviam debaixo da cultura de rebeldia do Egito. A cultura de honra do Reino come\u00e7a na vida de crian\u00e7a com a honra aos pais. Da\u00ed a clara instru\u00e7\u00e3o refor\u00e7ada pelo ap\u00f3stolo: Filhos, obedecei a vossos pais no Senhor, pois isto \u00e9 justo. Honra a teu pai e a tua m\u00e3e (que \u00e9 o primeiro mandamento com promessa), para que te v\u00e1 bem, e sejas de longa vida sobre a terra (Ef\u00e9sios 6.1-3). O benef\u00edcio \u00e9 claro: longevidade sobre a terra. Outro ensino divino com promessa \u00e9 \u00e0 honra aos mais velhos, como foi escrito: Diante das c\u00e3s te levantar\u00e1s, e honrar\u00e1s a face do anci\u00e3o, e temer\u00e1s o teu Deus. Eu sou o Senhor (Lv 19.32). Quando aprendermos a honrar as pessoas a quem vemos, aprenderemos a temer a Deus a quem n\u00e3o vemos. Quem respeita os mais velhos ser\u00e1 por eles estimado (Leia: 1 Tm 5.1a). Mas, estas riquezas de ensinamentos n\u00e3o ficam s\u00f3 por ai, o Novo Testamento d\u00e1 seq\u00fc\u00eancia e refor\u00e7a o ensino da honra aos l\u00edderes da igreja: Os presb\u00edteros que lideram bem a igreja s\u00e3o dignos de dupla honra, especialmente aqueles cujo trabalho \u00e9 a prega\u00e7\u00e3o e o ensino (1 Tm 5.17; leia: Hb 13.7). Jesus deixou claro que quem recebe um profeta, no car\u00e1ter de profeta, receber\u00e1 galard\u00e3o de profeta (Mt 10.41). Ou seja, quem respeita os dons do Esp\u00edrito sobre o outro ser\u00e1 por eles beneficiado. A B\u00edblia tamb\u00e9m ensina honra aos superiores no trabalho: Empregados, obede\u00e7am a seus patr\u00f5es e tenham respeito por eles \u2026 Trabalhem com um sorriso no rosto, tendo sempre em mente que n\u00e3o importa de quem venham as ordens, pois voc\u00eas est\u00e3o servindo a Deus. O bom trabalho resulta em boa retribui\u00e7\u00e3o da parte do Senhor, sejam voc\u00eas escravos ou livres (Ef 6.5-8 \u2013 A Mensagem). Ou seja, a retribui\u00e7\u00e3o vir\u00e1 da parte do pr\u00f3prio Senhor. O benef\u00edcio \u00e9 ser saciado e farto pelo pr\u00f3prio Senhor. Finalmente, cultura de honra significa adotar estilo de vida de estimar, valorizar e respeitar outra pessoa. Procurar a pr\u00f3pria honra, n\u00e3o \u00e9 honra (Pv 25.27). Os benef\u00edcios s\u00e3o preciosos. N\u00e3o h\u00e1 qualidade de vida sem a presen\u00e7a de honra na vida. Quer seja no ambiente da fam\u00edlia, vizinhan\u00e7a, igreja, trabalho ou na vida civil, prefiram dar honra aos outros mais do que a voc\u00eas (Rm 12.10b).<\/p>\t\t\t\t\t\t\t\t<\/div>\n\t\t\t\t<\/div>\n\t\t\t\t<div class=\"elementor-element elementor-element-868c445 elementor-widget elementor-widget-heading\" data-id=\"868c445\" data-element_type=\"widget\" data-e-type=\"widget\" data-widget_type=\"heading.default\">\n\t\t\t\t<div class=\"elementor-widget-container\">\n\t\t\t\t\t<h1 class=\"elementor-heading-title elementor-size-default\">Um princ\u00edpio fundamental<\/h1>\t\t\t\t<\/div>\n\t\t\t\t<\/div>\n\t\t\t\t\t<\/div>\n\t\t\t\t<\/div>\n\t\t\t\t<\/div>\n\t\t","protected":false},"excerpt":{"rendered":"<p>Esta \u00e9 a gera\u00e7\u00e3o que desenvolve velozmente as suas mudan\u00e7as, transforma\u00e7\u00f5es e id\u00e9ias em todos os n\u00edveis sociais, profissionais e religiosos. Estamos no tempo dos novos conceitos, princ\u00edpios e crit\u00e9rios &#8230;<\/p>\n","protected":false},"author":5,"featured_media":0,"parent":1713,"menu_order":0,"comment_status":"closed","ping_status":"closed","template":"template-fullwidth.php","meta":{"footnotes":""},"class_list":["post-2211","page","type-page","status-publish","hentry"],"jetpack_sharing_enabled":true,"_links":{"self":[{"href":"https:\/\/www.igrejabatistadecorreas.com.br\/2018\/wp-json\/wp\/v2\/pages\/2211","targetHints":{"allow":["GET"]}}],"collection":[{"href":"https:\/\/www.igrejabatistadecorreas.com.br\/2018\/wp-json\/wp\/v2\/pages"}],"about":[{"href":"https:\/\/www.igrejabatistadecorreas.com.br\/2018\/wp-json\/wp\/v2\/types\/page"}],"author":[{"embeddable":true,"href":"https:\/\/www.igrejabatistadecorreas.com.br\/2018\/wp-json\/wp\/v2\/users\/5"}],"replies":[{"embeddable":true,"href":"https:\/\/www.igrejabatistadecorreas.com.br\/2018\/wp-json\/wp\/v2\/comments?post=2211"}],"version-history":[{"count":20,"href":"https:\/\/www.igrejabatistadecorreas.com.br\/2018\/wp-json\/wp\/v2\/pages\/2211\/revisions"}],"predecessor-version":[{"id":5382,"href":"https:\/\/www.igrejabatistadecorreas.com.br\/2018\/wp-json\/wp\/v2\/pages\/2211\/revisions\/5382"}],"up":[{"embeddable":true,"href":"https:\/\/www.igrejabatistadecorreas.com.br\/2018\/wp-json\/wp\/v2\/pages\/1713"}],"wp:attachment":[{"href":"https:\/\/www.igrejabatistadecorreas.com.br\/2018\/wp-json\/wp\/v2\/media?parent=2211"}],"curies":[{"name":"wp","href":"https:\/\/api.w.org\/{rel}","templated":true}]}}