{"id":1941,"date":"2018-12-14T10:50:11","date_gmt":"2018-12-14T12:50:11","guid":{"rendered":"https:\/\/www.igrejabatistadecorreas.com.br\/2018\/?page_id=1941"},"modified":"2023-10-30T10:57:52","modified_gmt":"2023-10-30T13:57:52","slug":"fones-de-ouvido","status":"publish","type":"page","link":"https:\/\/www.igrejabatistadecorreas.com.br\/2018\/palavra-pastoral\/fones-de-ouvido\/","title":{"rendered":"Fones de ouvido"},"content":{"rendered":"\t\t<div data-elementor-type=\"wp-page\" data-elementor-id=\"1941\" class=\"elementor elementor-1941\">\n\t\t\t\t<div class=\"elementor-element elementor-element-2b92b56 e-flex e-con-boxed e-con e-parent\" data-id=\"2b92b56\" data-element_type=\"container\" data-e-type=\"container\">\n\t\t\t\t\t<div class=\"e-con-inner\">\n\t\t\t\t<div class=\"elementor-element elementor-element-d6e3dbf elementor-drop-cap-yes elementor-drop-cap-view-default elementor-widget elementor-widget-text-editor\" data-id=\"d6e3dbf\" data-element_type=\"widget\" data-e-type=\"widget\" data-settings=\"{&quot;drop_cap&quot;:&quot;yes&quot;}\" data-widget_type=\"text-editor.default\">\n\t\t\t\t<div class=\"elementor-widget-container\">\n\t\t\t\t\t\t\t\t\t<p>Tenho observado um n\u00famero crescente de usu\u00e1rios de fones de ouvido nas cal\u00e7adas da cidade, nos \u00f4nibus, nos autom\u00f3veis, por todos os lugares eles est\u00e3o fazendo sucesso. Podem ser encontrados nos celulares e aparelhos MP3. Os modelos s\u00e3o diversos assim como as cores, os tamanhos, os pre\u00e7os e os estilos, e, podem acrescentar um toque ao visual. A variedade de interesses e g\u00eaneros classifica-se pelas musicas, cursos, not\u00edcias, e etc. Na verdade, a est\u00e9tica \u00e9 s\u00f3 um detalhe. A raz\u00e3o do uso desses opcionais de \u00e1udio, de certa forma, \u00e9 isolar o ru\u00eddo indesej\u00e1vel e dar lugar a algo prazeroso. Mas, os problemas que podem acarretar com o uso indiscriminado deste equipamento, segundo os pesquisadores, s\u00e3o desastrosos causando a perda auditiva, al\u00e9m da distra\u00e7\u00e3o que resulta na falta de aten\u00e7\u00e3o, provocando s\u00e9rios acidentes de transito.<br \/><br \/>Introduzi este assunto para falar sobre NATAL. Isso, porque h\u00e1 v\u00e1rios anos tenho ministrado sobre este assunto atrav\u00e9s de estudos escritos e mensagens, mas o que parece \u00e9 que muitos crentes est\u00e3o usando fones de ouvido e n\u00e3o querem ouvir nada sobre temas que abordem santidade, pecado e idolatria. Fecham-se para ouvir que este \u201cNatal\u201d n\u00e3o tem nada a ver com o verdadeiro. Esse menino chamado Jesus, n\u00e3o \u00e9 o de Nazar\u00e9, filho de Maria, nascido pelo Esp\u00edrito Santo. Filho do Deus alt\u00edssimo. Que morreu, mas ressuscitou ao terceiro dia e, a sua volta est\u00e1 planejada para um dia que ningu\u00e9m sabe quando ser\u00e1, porque est\u00e1 reservado ao Pai sab\u00ea-lo.<br \/><br \/>Portanto, \u00e1rvore de \u201cNatal\u201d dentro ou fora de casa, aqui ou no Rio, S\u00e3o Paulo ou em qualquer lugar do mundo, n\u00e3o tem peso evang\u00e9lico, muito menos b\u00edblico. Qualquer pres\u00e9pio, por mais lindo que esteja montado, n\u00e3o representa a realidade hist\u00f3rica do Novo Testamento. Ter, fazer, visitar lugares que tenham, publicar, divulgar ou incentivar pessoas a t\u00ea-los ou faz\u00ea-los, \u00e9 no m\u00ednimo tapar os ouvidos ou usar fones para n\u00e3o praticar a verdade, o ensino doutrin\u00e1rio deixado pelos patriarcas, profetas, Jesus e os ap\u00f3stolos, logo, \u00e9 no m\u00ednimo rejeitar a orienta\u00e7\u00e3o do Esp\u00edrito Santo. Cuidado!!! \u201c\u2026porque meu povo se perde por falta de conhecimento; por teres rejeitado a instru\u00e7\u00e3o, excluir-te-ei de meu sacerd\u00f3cio; j\u00e1 que esqueceste a lei de teu Deus, tamb\u00e9m eu me esquecerei dos teus filhos.\u201d Os\u00e9ias 4:6. Leve a s\u00e9rio o que voc\u00ea tem aprendido at\u00e9 aqui. O verdadeiro natal traz \u00e0 mem\u00f3ria tudo o que Deus nos revelou sobre Ele e o Seu reino de paz, amor e justi\u00e7a!<\/p>\t\t\t\t\t\t\t\t<\/div>\n\t\t\t\t<\/div>\n\t\t\t\t<div class=\"elementor-element elementor-element-a76e967 elementor-widget elementor-widget-heading\" data-id=\"a76e967\" data-element_type=\"widget\" data-e-type=\"widget\" data-widget_type=\"heading.default\">\n\t\t\t\t<div class=\"elementor-widget-container\">\n\t\t\t\t\t<h1 class=\"elementor-heading-title elementor-size-default\">Fones de ouvido<\/h1>\t\t\t\t<\/div>\n\t\t\t\t<\/div>\n\t\t\t\t\t<\/div>\n\t\t\t\t<\/div>\n\t\t\t\t<\/div>\n\t\t","protected":false},"excerpt":{"rendered":"<p>Tenho observado um n\u00famero crescente de usu\u00e1rios de fones de ouvido nas cal\u00e7adas da cidade, nos \u00f4nibus, nos autom\u00f3veis, por todos os lugares eles est\u00e3o fazendo sucesso. Podem ser encontrados &#8230;<\/p>\n","protected":false},"author":6,"featured_media":0,"parent":1713,"menu_order":0,"comment_status":"closed","ping_status":"closed","template":"template-fullwidth.php","meta":{"footnotes":""},"class_list":["post-1941","page","type-page","status-publish","hentry"],"jetpack_sharing_enabled":true,"_links":{"self":[{"href":"https:\/\/www.igrejabatistadecorreas.com.br\/2018\/wp-json\/wp\/v2\/pages\/1941","targetHints":{"allow":["GET"]}}],"collection":[{"href":"https:\/\/www.igrejabatistadecorreas.com.br\/2018\/wp-json\/wp\/v2\/pages"}],"about":[{"href":"https:\/\/www.igrejabatistadecorreas.com.br\/2018\/wp-json\/wp\/v2\/types\/page"}],"author":[{"embeddable":true,"href":"https:\/\/www.igrejabatistadecorreas.com.br\/2018\/wp-json\/wp\/v2\/users\/6"}],"replies":[{"embeddable":true,"href":"https:\/\/www.igrejabatistadecorreas.com.br\/2018\/wp-json\/wp\/v2\/comments?post=1941"}],"version-history":[{"count":14,"href":"https:\/\/www.igrejabatistadecorreas.com.br\/2018\/wp-json\/wp\/v2\/pages\/1941\/revisions"}],"predecessor-version":[{"id":5397,"href":"https:\/\/www.igrejabatistadecorreas.com.br\/2018\/wp-json\/wp\/v2\/pages\/1941\/revisions\/5397"}],"up":[{"embeddable":true,"href":"https:\/\/www.igrejabatistadecorreas.com.br\/2018\/wp-json\/wp\/v2\/pages\/1713"}],"wp:attachment":[{"href":"https:\/\/www.igrejabatistadecorreas.com.br\/2018\/wp-json\/wp\/v2\/media?parent=1941"}],"curies":[{"name":"wp","href":"https:\/\/api.w.org\/{rel}","templated":true}]}}