{"id":1928,"date":"2018-12-14T10:37:37","date_gmt":"2018-12-14T12:37:37","guid":{"rendered":"https:\/\/www.igrejabatistadecorreas.com.br\/2018\/?page_id=1928"},"modified":"2023-10-30T10:36:36","modified_gmt":"2023-10-30T13:36:36","slug":"chamados-para-fazer-a-diferenca","status":"publish","type":"page","link":"https:\/\/www.igrejabatistadecorreas.com.br\/2018\/sermoes\/chamados-para-fazer-a-diferenca\/","title":{"rendered":"Chamados para fazer \u00e0 diferen\u00e7a"},"content":{"rendered":"\t\t<div data-elementor-type=\"wp-page\" data-elementor-id=\"1928\" class=\"elementor elementor-1928\">\n\t\t\t\t<div class=\"elementor-element elementor-element-561ff13 e-flex e-con-boxed e-con e-parent\" data-id=\"561ff13\" data-element_type=\"container\" data-e-type=\"container\">\n\t\t\t\t\t<div class=\"e-con-inner\">\n\t\t\t\t<div class=\"elementor-element elementor-element-748b10e elementor-widget elementor-widget-heading\" data-id=\"748b10e\" data-element_type=\"widget\" data-e-type=\"widget\" id=\"sermao\" data-widget_type=\"heading.default\">\n\t\t\t\t<div class=\"elementor-widget-container\">\n\t\t\t\t\t<h1 class=\"elementor-heading-title elementor-size-default\"><a href=\"https:\/\/www.igrejabatistadecorreas.com.br\/2018\/sermoes\/chamados-para-fazer-a-diferenca\/#sermao\">Chamados para fazer a diferen\u00e7a<\/a><\/h1>\t\t\t\t<\/div>\n\t\t\t\t<\/div>\n\t\t\t\t<div class=\"elementor-element elementor-element-b1d8ac5 elementor-widget elementor-widget-text-editor\" data-id=\"b1d8ac5\" data-element_type=\"widget\" data-e-type=\"widget\" data-widget_type=\"text-editor.default\">\n\t\t\t\t<div class=\"elementor-widget-container\">\n\t\t\t\t\t\t\t\t\t<strong>Texto base:<\/strong> Ezequiel 22:24-30\n<br>\n<strong>O texto diz:<\/strong> &#8220;Filho do homem, diga a esta terra: Voc\u00ea \u00e9 uma terra que n\u00e3o tem tido chuva nem aguaceiros no dia da ira.\nH\u00e1 nela uma conspira\u00e7\u00e3o de seus pr\u00edncipes como um le\u00e3o que ruge ao despeda\u00e7ar sua presa; devoram pessoas, apanham tesouros e objetos preciosos e fazem muitas vi\u00favas.\nSeus sacerdotes cometem viol\u00eancia contra a minha lei e profanam minhas ofertas sagradas; n\u00e3o fazem distin\u00e7\u00e3o entre o sagrado e o comum; ensinam que n\u00e3o existe nenhuma diferen\u00e7a entre o puro e o impuro; e fecham os olhos quanto \u00e0 guarda dos meus s\u00e1bados, de maneira que sou desonrado no meio deles.\nSeus oficiais s\u00e3o como lobos que despeda\u00e7am suas presas; derramam sangue e matam gente para obter ganhos injustos.\nSeus profetas disfar\u00e7am esses feitos enganando o povo com vis\u00f5es falsas e adivinha\u00e7\u00f5es mentirosas. Dizem: &#8216;Assim diz o Soberano, o Senhor&#8217;, quan\u00addo o Senhor n\u00e3o falou.\nO povo da terra pratica extors\u00e3o e comete roubos; oprime os pobres e os necessitados e maltrata os estrangeiros, negando-lhes justi\u00e7a.\n&#8220;Procurei entre eles um homem que erguesse o muro e se pusesse na brecha diante de mim e em favor desta terra, para que eu n\u00e3o a destru\u00edsse, mas n\u00e3o encontrei nenhum.\n<hr \/>\t\t\t\t\t\t\t\t<\/div>\n\t\t\t\t<\/div>\n\t\t\t\t<div class=\"elementor-element elementor-element-a4dd5ab elementor-widget elementor-widget-heading\" data-id=\"a4dd5ab\" data-element_type=\"widget\" data-e-type=\"widget\" data-widget_type=\"heading.default\">\n\t\t\t\t<div class=\"elementor-widget-container\">\n\t\t\t\t\t<h3 class=\"elementor-heading-title elementor-size-default\">Introdu\u00e7\u00e3o<\/h3>\t\t\t\t<\/div>\n\t\t\t\t<\/div>\n\t\t\t\t<div class=\"elementor-element elementor-element-a37af0f elementor-widget elementor-widget-heading\" data-id=\"a37af0f\" data-element_type=\"widget\" data-e-type=\"widget\" data-widget_type=\"heading.default\">\n\t\t\t\t<div class=\"elementor-widget-container\">\n\t\t\t\t\t<h3 class=\"elementor-heading-title elementor-size-default\">1\u2013 Algu\u00e9m que fique na brecha da vida fam\u00edliar<\/h3>\t\t\t\t<\/div>\n\t\t\t\t<\/div>\n\t\t\t\t<div class=\"elementor-element elementor-element-0053f07 elementor-drop-cap-yes elementor-drop-cap-view-default elementor-widget elementor-widget-text-editor\" data-id=\"0053f07\" data-element_type=\"widget\" data-e-type=\"widget\" data-settings=\"{&quot;drop_cap&quot;:&quot;yes&quot;}\" data-widget_type=\"text-editor.default\">\n\t\t\t\t<div class=\"elementor-widget-container\">\n\t\t\t\t\t\t\t\t\t<p>Ficar na brecha \u00e9 algu\u00e9m que esteja disposto a clamar por miseric\u00f3rdia ao Senhor para que o pecado n\u00e3o penetre na fam\u00edlia.<\/p>\t\t\t\t\t\t\t\t<\/div>\n\t\t\t\t<\/div>\n\t\t\t\t<div class=\"elementor-element elementor-element-fbfafbe elementor-widget elementor-widget-heading\" data-id=\"fbfafbe\" data-element_type=\"widget\" data-e-type=\"widget\" data-widget_type=\"heading.default\">\n\t\t\t\t<div class=\"elementor-widget-container\">\n\t\t\t\t\t<h3 class=\"elementor-heading-title elementor-size-default\">2- Algu\u00e9m que fique na brecha da vida eclesi\u00e1stica<\/h3>\t\t\t\t<\/div>\n\t\t\t\t<\/div>\n\t\t\t\t<div class=\"elementor-element elementor-element-6d13f2b elementor-drop-cap-yes elementor-drop-cap-view-default elementor-widget elementor-widget-text-editor\" data-id=\"6d13f2b\" data-element_type=\"widget\" data-e-type=\"widget\" data-settings=\"{&quot;drop_cap&quot;:&quot;yes&quot;}\" data-widget_type=\"text-editor.default\">\n\t\t\t\t<div class=\"elementor-widget-container\">\n\t\t\t\t\t\t\t\t\t<p>Ficar na brecha \u00e9 estar disposto a clamar por miseric\u00f3rdia ao Senhor para que o pecado n\u00e3o penetre na Igreja.<\/p>\t\t\t\t\t\t\t\t<\/div>\n\t\t\t\t<\/div>\n\t\t\t\t<div class=\"elementor-element elementor-element-02056c8 elementor-widget elementor-widget-heading\" data-id=\"02056c8\" data-element_type=\"widget\" data-e-type=\"widget\" data-widget_type=\"heading.default\">\n\t\t\t\t<div class=\"elementor-widget-container\">\n\t\t\t\t\t<h3 class=\"elementor-heading-title elementor-size-default\">3- Algu\u00e9m que fique na brecha da vida profissional<\/h3>\t\t\t\t<\/div>\n\t\t\t\t<\/div>\n\t\t\t\t<div class=\"elementor-element elementor-element-90421f8 elementor-drop-cap-yes elementor-drop-cap-view-default elementor-widget elementor-widget-text-editor\" data-id=\"90421f8\" data-element_type=\"widget\" data-e-type=\"widget\" data-settings=\"{&quot;drop_cap&quot;:&quot;yes&quot;}\" data-widget_type=\"text-editor.default\">\n\t\t\t\t<div class=\"elementor-widget-container\">\n\t\t\t\t\t\t\t\t\t<p>Ficar na brecha \u00e9 estar disposto a clamar por miseric\u00f3rdia ao Senhor para que o pecado n\u00e3o penetre no local de trabalho.<\/p>\t\t\t\t\t\t\t\t<\/div>\n\t\t\t\t<\/div>\n\t\t\t\t<div class=\"elementor-element elementor-element-a712cdf elementor-widget elementor-widget-heading\" data-id=\"a712cdf\" data-element_type=\"widget\" data-e-type=\"widget\" data-widget_type=\"heading.default\">\n\t\t\t\t<div class=\"elementor-widget-container\">\n\t\t\t\t\t<h3 class=\"elementor-heading-title elementor-size-default\">4- Algu\u00e9m que fique na brecha dos meios de comunica\u00e7\u00e3o<\/h3>\t\t\t\t<\/div>\n\t\t\t\t<\/div>\n\t\t\t\t<div class=\"elementor-element elementor-element-4880448 elementor-drop-cap-yes elementor-drop-cap-view-default elementor-widget elementor-widget-text-editor\" data-id=\"4880448\" data-element_type=\"widget\" data-e-type=\"widget\" data-settings=\"{&quot;drop_cap&quot;:&quot;yes&quot;}\" data-widget_type=\"text-editor.default\">\n\t\t\t\t<div class=\"elementor-widget-container\">\n\t\t\t\t\t\t\t\t\t<p>Ficar na brecha \u00e9 estar disposto a clamar por miseric\u00f3rdia ao Senhor para que o pecado n\u00e3o penetre nos meios de comunica\u00e7\u00e3o.<\/p>\t\t\t\t\t\t\t\t<\/div>\n\t\t\t\t<\/div>\n\t\t\t\t<div class=\"elementor-element elementor-element-76b3100 elementor-drop-cap-yes elementor-drop-cap-view-default elementor-widget elementor-widget-text-editor\" data-id=\"76b3100\" data-element_type=\"widget\" data-e-type=\"widget\" data-settings=\"{&quot;drop_cap&quot;:&quot;yes&quot;}\" data-widget_type=\"text-editor.default\">\n\t\t\t\t<div class=\"elementor-widget-container\">\n\t\t\t\t\t\t\t\t\t<p>Ficar na brecha \u00e9 estar disposto a clamar por miseric\u00f3rdia ao Senhor para que o pecado n\u00e3o penetre nas escolas e faculdades.<\/p>\t\t\t\t\t\t\t\t<\/div>\n\t\t\t\t<\/div>\n\t\t\t\t<div class=\"elementor-element elementor-element-4c06e6b elementor-widget elementor-widget-heading\" data-id=\"4c06e6b\" data-element_type=\"widget\" data-e-type=\"widget\" data-widget_type=\"heading.default\">\n\t\t\t\t<div class=\"elementor-widget-container\">\n\t\t\t\t\t<h3 class=\"elementor-heading-title elementor-size-default\">6- Algu\u00e9m que fique na brecha da vida social<\/h3>\t\t\t\t<\/div>\n\t\t\t\t<\/div>\n\t\t\t\t<div class=\"elementor-element elementor-element-91ccb9b elementor-drop-cap-yes elementor-drop-cap-view-default elementor-widget elementor-widget-text-editor\" data-id=\"91ccb9b\" data-element_type=\"widget\" data-e-type=\"widget\" data-settings=\"{&quot;drop_cap&quot;:&quot;yes&quot;}\" data-widget_type=\"text-editor.default\">\n\t\t\t\t<div class=\"elementor-widget-container\">\n\t\t\t\t\t\t\t\t\t<p>Ficar na brecha \u00e9 estar disposto a clamar por miseric\u00f3rdia ao Senhor para que o pecado n\u00e3o penetre nos governos e na sociedade.<\/p>\t\t\t\t\t\t\t\t<\/div>\n\t\t\t\t<\/div>\n\t\t\t\t<div class=\"elementor-element elementor-element-1f7b6b3 elementor-widget elementor-widget-heading\" data-id=\"1f7b6b3\" data-element_type=\"widget\" data-e-type=\"widget\" data-widget_type=\"heading.default\">\n\t\t\t\t<div class=\"elementor-widget-container\">\n\t\t\t\t\t<h3 class=\"elementor-heading-title elementor-size-default\">Conclus\u00e3o<\/h3>\t\t\t\t<\/div>\n\t\t\t\t<\/div>\n\t\t\t\t<div class=\"elementor-element elementor-element-817cf71 elementor-widget elementor-widget-text-editor\" data-id=\"817cf71\" data-element_type=\"widget\" data-e-type=\"widget\" data-widget_type=\"text-editor.default\">\n\t\t\t\t<div class=\"elementor-widget-container\">\n\t\t\t\t\t\t\t\t\t<p>Deus precisa dos servos em todos os lugares, na m\u00fasica, no evangelismo, na prega\u00e7\u00e3o, no ensino, na administra\u00e7\u00e3o, enfim, muitos s\u00e3o os lugares que o Senhor pode encontrar os seus filhos, mas o lugar de maior import\u00e2ncia, na brecha, no lugar que oferece passagem para o pecado, para os esp\u00edritos, para o mal e para a destrui\u00e7\u00e3o do homem.<br \/><br \/>Deus espera que vc esteja disposto, disposta a assumir sinceramente o compromisso diante dEle de orar diariamente, pelo menos pelos seus parentes e amigos que n\u00e3o conhecem a Cristo como Salvador.<br \/><br \/>Deus precisa que vc tape o muro e se coloque na brecha por algu\u00e9m.<br \/><br \/>I Tim\u00f3teo 5:8 \u201cMas, se algu\u00e9m n\u00e3o cuida dos seus, e especialmente dos da sua fam\u00edlia, tem negado a f\u00e9, e \u00e9 pior que um incr\u00e9dulo.\u201d<\/p>\t\t\t\t\t\t\t\t<\/div>\n\t\t\t\t<\/div>\n\t\t\t\t<div class=\"elementor-element elementor-element-329f844 elementor-widget elementor-widget-text-editor\" data-id=\"329f844\" data-element_type=\"widget\" data-e-type=\"widget\" data-widget_type=\"text-editor.default\">\n\t\t\t\t<div class=\"elementor-widget-container\">\n\t\t\t\t\t\t\t\t\t<p class=\"footer-page\">Pr. Carlos Henrique Carnavalli<\/p>\t\t\t\t\t\t\t\t<\/div>\n\t\t\t\t<\/div>\n\t\t\t\t<div class=\"elementor-element elementor-element-84e423d elementor-widget elementor-widget-heading\" data-id=\"84e423d\" data-element_type=\"widget\" data-e-type=\"widget\" data-widget_type=\"heading.default\">\n\t\t\t\t<div class=\"elementor-widget-container\">\n\t\t\t\t\t<h3 class=\"elementor-heading-title elementor-size-default\">5- Algu\u00e9m que fique na brecha da vida educacional<\/h3>\t\t\t\t<\/div>\n\t\t\t\t<\/div>\n\t\t\t\t<div class=\"elementor-element elementor-element-9aae13d elementor-widget elementor-widget-text-editor\" data-id=\"9aae13d\" data-element_type=\"widget\" data-e-type=\"widget\" data-widget_type=\"text-editor.default\">\n\t\t\t\t<div class=\"elementor-widget-container\">\n\t\t\t\t\t\t\t\t\t<p>O profeta Ezequiel fala da iniquidade dos habitantes de Jerusal\u00e9m e que Deus buscou um homem que intercedesse a favor deles e n\u00e3o achou. A situa\u00e7\u00e3o se repete nos dias de hoje.<br \/><br \/>Estamos vivendo em dias de grande corrup\u00e7\u00e3o moral, quando o pecado n\u00e3o \u00e9 mais considerado como pecado, mesmo entre os que se dizem crist\u00e3os.<br \/><br \/>H\u00e1 um esp\u00edrito de conformidade estabelecido sobre as vidas e sobre muitas fam\u00edlias evang\u00e9licas. \u00c9 gente que n\u00e3o quer fazer a separa\u00e7\u00e3o entre o santo e o profano, entre o imundo e o limpo (Lev.10:10); entre o que \u00e9 consagrado e o que n\u00e3o \u00e9 consagrado.<br \/><br \/>O profeta Isa\u00edas 9:17 diz: \u201cPelo que o Senhor n\u00e3o se regozija nos seus jovens, e n\u00e3o se compadece dos seus \u00f3rf\u00e3os e das suas vi\u00favas; porque todos eles s\u00e3o profanos e malfeitores, e toda boca profere doidices. Com tudo isso n\u00e3o se apartou a sua ira, mas ainda est\u00e1 estendida a sua m\u00e3o\u201d.<br \/><br \/>Ez. 22:26 A palavra de insatisfa\u00e7\u00e3o de Deus a Ezequiel com os que deveriam ser exemplo, todavia n\u00e3o eram: \u201cOs seus sacerdotes violentam a minha lei, e profanam as minhas coisas santas; n\u00e3o fazem diferen\u00e7a entre o santo e o profano, nem ensinam a discernir entre o impuro e o puro; e de meus s\u00e1bados escondem os seus olhos, e assim sou profanado no meio deles.\u201d<br \/><br \/>A palavra contra o pecado e de santifica\u00e7\u00e3o precisa ser pregada e recebida por todos os homens e mulheres que desejam ser diferentes e fazerem a diferen\u00e7a, e isto, porque \u201cFOMOS CHAMADOS PARA FAZER A DIFEREN\u00c7A\u201d. Ez 44:23: \u201cE a meu povo ensinar\u00e3o a distinguir entre o santo e o profano, e o far\u00e3o discernir entre o impuro e o puro\u201d.<br \/><br \/>Jesus ensinou essa li\u00e7\u00e3o aos disc\u00edpulos em Mateus 5:13-14: \u201cV\u00f3s sois o sal da terra; mas se o sal se tornar ins\u00edpido, com que se h\u00e1 de restaurar o sabor? Para nada mais presta, sen\u00e3o para ser lan\u00e7ado fora, e ser pisado pelos homens. V\u00f3s sois a luz do mundo. N\u00e3o se pode esconder uma cidade situada sobre um monte;\u201d<br \/><br \/>O Senhor est\u00e1 buscando em todas as igrejas algu\u00e9m que seja diferente, santo, que se disponha ser intercessor, que sinta amor pelas almas perdidas e derrame seu cora\u00e7\u00e3o em s\u00faplicas ardentes a favor dela, verdadeiros adoradores, comprometidos com a adora\u00e7\u00e3o, com o servi\u00e7o do Reino e com o ser adorado, Jesus! \u2026Busquei, mas n\u00e3o achei!<br \/><br \/>O Senhor est\u00e1 procurando algu\u00e9m para ficar na posi\u00e7\u00e3o de menor destaque, todavia de maior import\u00e2ncia no c\u00e9u, na brecha. Deus precisa de algu\u00e9m para ficar aonde?<\/p>\t\t\t\t\t\t\t\t<\/div>\n\t\t\t\t<\/div>\n\t\t\t\t\t<\/div>\n\t\t\t\t<\/div>\n\t\t\t\t<\/div>\n\t\t","protected":false},"excerpt":{"rendered":"<p>Texto: Ez. 22:24-30<\/p>\n","protected":false},"author":6,"featured_media":0,"parent":1725,"menu_order":0,"comment_status":"closed","ping_status":"closed","template":"template-fullwidth.php","meta":{"footnotes":""},"class_list":["post-1928","page","type-page","status-publish","hentry"],"jetpack_sharing_enabled":true,"_links":{"self":[{"href":"https:\/\/www.igrejabatistadecorreas.com.br\/2018\/wp-json\/wp\/v2\/pages\/1928","targetHints":{"allow":["GET"]}}],"collection":[{"href":"https:\/\/www.igrejabatistadecorreas.com.br\/2018\/wp-json\/wp\/v2\/pages"}],"about":[{"href":"https:\/\/www.igrejabatistadecorreas.com.br\/2018\/wp-json\/wp\/v2\/types\/page"}],"author":[{"embeddable":true,"href":"https:\/\/www.igrejabatistadecorreas.com.br\/2018\/wp-json\/wp\/v2\/users\/6"}],"replies":[{"embeddable":true,"href":"https:\/\/www.igrejabatistadecorreas.com.br\/2018\/wp-json\/wp\/v2\/comments?post=1928"}],"version-history":[{"count":11,"href":"https:\/\/www.igrejabatistadecorreas.com.br\/2018\/wp-json\/wp\/v2\/pages\/1928\/revisions"}],"predecessor-version":[{"id":5366,"href":"https:\/\/www.igrejabatistadecorreas.com.br\/2018\/wp-json\/wp\/v2\/pages\/1928\/revisions\/5366"}],"up":[{"embeddable":true,"href":"https:\/\/www.igrejabatistadecorreas.com.br\/2018\/wp-json\/wp\/v2\/pages\/1725"}],"wp:attachment":[{"href":"https:\/\/www.igrejabatistadecorreas.com.br\/2018\/wp-json\/wp\/v2\/media?parent=1928"}],"curies":[{"name":"wp","href":"https:\/\/api.w.org\/{rel}","templated":true}]}}