{"id":1854,"date":"2018-12-13T10:17:14","date_gmt":"2018-12-13T12:17:14","guid":{"rendered":"https:\/\/www.igrejabatistadecorreas.com.br\/2018\/?page_id=1854"},"modified":"2024-09-25T16:46:14","modified_gmt":"2024-09-25T19:46:14","slug":"historia-completa","status":"publish","type":"page","link":"https:\/\/www.igrejabatistadecorreas.com.br\/2018\/our-history\/historia-completa\/","title":{"rendered":"Como Tudo come\u00e7ou completo"},"content":{"rendered":"\t\t<div data-elementor-type=\"wp-page\" data-elementor-id=\"1854\" class=\"elementor elementor-1854\">\n\t\t\t\t<div class=\"elementor-element elementor-element-6b714b9 e-flex e-con-boxed e-con e-parent\" data-id=\"6b714b9\" data-element_type=\"container\" data-e-type=\"container\">\n\t\t\t\t\t<div class=\"e-con-inner\">\n\t\t\t\t<div class=\"elementor-element elementor-element-76d24f5 elementor-position-left elementor-vertical-align-middle elementor-widget elementor-widget-image-box\" data-id=\"76d24f5\" data-element_type=\"widget\" data-e-type=\"widget\" data-widget_type=\"image-box.default\">\n\t\t\t\t<div class=\"elementor-widget-container\">\n\t\t\t\t\t<div class=\"elementor-image-box-wrapper\"><figure class=\"elementor-image-box-img\"><img fetchpriority=\"high\" decoding=\"async\" width=\"359\" height=\"274\" src=\"https:\/\/i0.wp.com\/www.igrejabatistadecorreas.com.br\/2018\/wp-content\/uploads\/2022\/03\/Portal-IBC-Como-tudo-comecou-1.png?fit=359%2C274&amp;ssl=1\" class=\"elementor-animation-grow attachment-full size-full wp-image-3180\" alt=\"\" srcset=\"https:\/\/i0.wp.com\/www.igrejabatistadecorreas.com.br\/2018\/wp-content\/uploads\/2022\/03\/Portal-IBC-Como-tudo-comecou-1.png?w=359&amp;ssl=1 359w, https:\/\/i0.wp.com\/www.igrejabatistadecorreas.com.br\/2018\/wp-content\/uploads\/2022\/03\/Portal-IBC-Como-tudo-comecou-1.png?resize=300%2C229&amp;ssl=1 300w\" sizes=\"(max-width: 359px) 100vw, 359px\" \/><\/figure><div class=\"elementor-image-box-content\"><h1 class=\"elementor-image-box-title\">Como tudo come\u00e7ou<\/h1><\/div><\/div>\t\t\t\t<\/div>\n\t\t\t\t<\/div>\n\t\t\t\t<div class=\"elementor-element elementor-element-210ebc3 elementor-drop-cap-yes elementor-drop-cap-view-default elementor-widget elementor-widget-text-editor\" data-id=\"210ebc3\" data-element_type=\"widget\" data-e-type=\"widget\" data-settings=\"{&quot;drop_cap&quot;:&quot;yes&quot;}\" data-widget_type=\"text-editor.default\">\n\t\t\t\t<div class=\"elementor-widget-container\">\n\t\t\t\t\t\t\t\t\t<p>O evangelho foi se consolidando e crescendo apesar das persegui\u00e7\u00f5es religiosas e do n\u00famero pequeno de crentes realizando o trabalho mission\u00e1rio nos bairros adjacentes.<\/p>\n<p>Os cultos nos lares eram feitos sob a luz do lampi\u00e3o a querosene e a vela. As casas eram de ch\u00e3o batido e muito simples. Os irm\u00e3os Ant\u00f4nio J\u00falio de Azevedo, Geraldo e Izaura Carvalho, Jos\u00e9 Felix, Agri\u00e3o, Alzira Barros, Maria Aparecida e Valdir Carmo, Vazumira e muitos outros foram obedecendo o Ide de Jesus, fazendo disc\u00edpulos e multiplicando o n\u00famero daqueles que criam no Evangelho e no poder de Deus.<\/p>\n<p>Ao perceber a diferen\u00e7a que estes irm\u00e3os estavam fazendo no local por causa do testemunho, a coragem e a motiva\u00e7\u00e3o de todos os cooperantes, o Pr. Nilson Dimarzio, decidiu levar a assembleia da igreja o seu desejo de organizar a Congrega\u00e7\u00e3o Batista que logo depois foi organizada em IGREJA BATISTA DE CORR\u00caAS em 22 de setembro de 1962. O evangelho seguiu sendo pregado e testemunhado por toda parte do 1\u00ba, 2\u00ba e do 3\u00ba distritos, para a gl\u00f3ria do Senhor Jesus, com 50 irm\u00e3os.<\/p>\n<p>Os seguintes pastores a presidiram posteriormente: Ismail de Oliveira Ribeiro de 30\/03\/63 a 16\/08\/66. Francisco Rocha dos Santos de 20\/09\/66 a 20\/08\/68. Ant\u00f4nio Lopes da Silveira de 19\/11\/68 a 20\/08\/69. Nilson Dimarzio 05\/04\/70 a 23\/08\/71. Nilo Franco de Oliveira de 23\/08\/71 a 18\/02\/73. Madson Paulo de Carvalho de 06\/06\/73 a 29\/05\/93.<\/p>\n<p>Foram Seminaristas da Igreja os seguintes irm\u00e3os: Joaquim de Paula Rosa, Sebasti\u00e3o Ferreira, Marcos Vantine Esteves, Cesar T\u00e1cio Vila da Silva, Paulo S\u00e9rgio Esteves, Herc\u00edlio Mayworm, Valmir Carvalho, Luciano Gastaldelli, Paulo C\u00e9sar Soares Jr. e Edson Cardoso.<\/p>\n<p>No dia 05 de junho de 1993, ap\u00f3s o Pr. Madson Paulo de Carvalho ter sido jubilado, deixando o pastorado e a presid\u00eancia da igreja, foi empossado como seu sucessor, o pastor Carlos Henrique Carnavalli, que passou a presidi-la e lider\u00e1-la at\u00e9 o presente momento. Ao iniciar o trabalho encontrou 07 fundadores e 82 membros no rol da igreja. Hoje s\u00e3o mais de 240 (p\u00f3s-pandemia) colaboradores que atuam nas diversas \u00e1reas do minist\u00e9rio pastoral e servindo ao Rei Jesus.<\/p>\n<p>O novo modelo de gest\u00e3o e pastorado desenvolveu v\u00e1rios projetos que ajudaram no crescimento do n\u00famero de vidas que foram transformadas pelo poder da Palavra e do nome de Jesus. Somos parceiros e mantenedores das seguintes organiza\u00e7\u00f5es: CBB, CBF, ABAPE, JME, JMN, JMM, Cristol\u00e2ndia e Minist\u00e9rio P\u00e3o Vivo.<\/p>\n<p>A constru\u00e7\u00e3o do novo templo teve seu in\u00edcio em 22\/09\/2003 com o lan\u00e7amento da pedra fundamental e foi inaugurado em 22\/09\/2012. O orador oficial do cinquenten\u00e1rio foi o Pr. Dr. Nilson Dimarzio, presidente do conc\u00edlio de organiza\u00e7\u00e3o. Em 2015, inauguramos o pr\u00e9dio de 4 andares com 14 salas dentre elas, 9 que atendem aos alunos da Escola B\u00edblica Dominical e capacita\u00e7\u00e3o de toda a lideran\u00e7a, incluindo uma biblioteca e elevador.<\/p>\n<p>Em 16\/03\/2011, por ocasi\u00e3o da maior cat\u00e1strofe ambiental da hist\u00f3ria na Regi\u00e3o Serrana, foi organizada a REVIVAS \u2013 Associa\u00e7\u00e3o Reconstruindo Vidas e Valores que se tornou um bra\u00e7o de evangeliza\u00e7\u00e3o e no servi\u00e7o social da maior import\u00e2ncia na cidade de Petr\u00f3polis.<\/p>\n<p>Somos gratos a Deus pela oportunidade que nos tem concedido de investir e trabalhar ao longo de quase seis d\u00e9cadas, semeando o evangelho e colhendo os resultados que s\u00e3o vidas transformadas, libertas e salvas, pelo poder da prega\u00e7\u00e3o, do evangelho e do nome do Senhor Jesus.<\/p>\t\t\t\t\t\t\t\t<\/div>\n\t\t\t\t<\/div>\n\t\t\t\t<div class=\"elementor-element elementor-element-d743d7c elementor-widget elementor-widget-text-editor\" data-id=\"d743d7c\" data-element_type=\"widget\" data-e-type=\"widget\" data-widget_type=\"text-editor.default\">\n\t\t\t\t<div class=\"elementor-widget-container\">\n\t\t\t\t\t\t\t\t\t<p class=\"footer-page\">Soli Deo gloria<\/p>\t\t\t\t\t\t\t\t<\/div>\n\t\t\t\t<\/div>\n\t\t\t\t\t<\/div>\n\t\t\t\t<\/div>\n\t\t\t\t<\/div>\n\t\t","protected":false},"excerpt":{"rendered":"<p>Como tudo come\u00e7ou O evangelho foi se consolidando e crescendo apesar das persegui\u00e7\u00f5es religiosas e do n\u00famero pequeno de crentes realizando o trabalho mission\u00e1rio nos bairros adjacentes. Os cultos nos &#8230;<\/p>\n","protected":false},"author":1,"featured_media":0,"parent":17,"menu_order":0,"comment_status":"closed","ping_status":"closed","template":"template-fullwidth.php","meta":{"footnotes":""},"class_list":["post-1854","page","type-page","status-publish","hentry"],"jetpack_sharing_enabled":true,"_links":{"self":[{"href":"https:\/\/www.igrejabatistadecorreas.com.br\/2018\/wp-json\/wp\/v2\/pages\/1854","targetHints":{"allow":["GET"]}}],"collection":[{"href":"https:\/\/www.igrejabatistadecorreas.com.br\/2018\/wp-json\/wp\/v2\/pages"}],"about":[{"href":"https:\/\/www.igrejabatistadecorreas.com.br\/2018\/wp-json\/wp\/v2\/types\/page"}],"author":[{"embeddable":true,"href":"https:\/\/www.igrejabatistadecorreas.com.br\/2018\/wp-json\/wp\/v2\/users\/1"}],"replies":[{"embeddable":true,"href":"https:\/\/www.igrejabatistadecorreas.com.br\/2018\/wp-json\/wp\/v2\/comments?post=1854"}],"version-history":[{"count":36,"href":"https:\/\/www.igrejabatistadecorreas.com.br\/2018\/wp-json\/wp\/v2\/pages\/1854\/revisions"}],"predecessor-version":[{"id":5950,"href":"https:\/\/www.igrejabatistadecorreas.com.br\/2018\/wp-json\/wp\/v2\/pages\/1854\/revisions\/5950"}],"up":[{"embeddable":true,"href":"https:\/\/www.igrejabatistadecorreas.com.br\/2018\/wp-json\/wp\/v2\/pages\/17"}],"wp:attachment":[{"href":"https:\/\/www.igrejabatistadecorreas.com.br\/2018\/wp-json\/wp\/v2\/media?parent=1854"}],"curies":[{"name":"wp","href":"https:\/\/api.w.org\/{rel}","templated":true}]}}