{"id":1737,"date":"2018-12-04T10:45:59","date_gmt":"2018-12-04T12:45:59","guid":{"rendered":"https:\/\/www.igrejabatistadecorreas.com.br\/2018\/?page_id=1737"},"modified":"2023-10-30T10:25:36","modified_gmt":"2023-10-30T13:25:36","slug":"o-que-falta-para-o-brasil-ser-feliz","status":"publish","type":"page","link":"https:\/\/www.igrejabatistadecorreas.com.br\/2018\/sermoes\/o-que-falta-para-o-brasil-ser-feliz\/","title":{"rendered":"O que falta para o Brasil ser feliz?"},"content":{"rendered":"\t\t<div data-elementor-type=\"wp-page\" data-elementor-id=\"1737\" class=\"elementor elementor-1737\">\n\t\t\t\t<div class=\"elementor-element elementor-element-b2d1bcf e-flex e-con-boxed e-con e-parent\" data-id=\"b2d1bcf\" data-element_type=\"container\" data-e-type=\"container\">\n\t\t\t\t\t<div class=\"e-con-inner\">\n\t\t\t\t<div class=\"elementor-element elementor-element-8540e8f elementor-widget elementor-widget-heading\" data-id=\"8540e8f\" data-element_type=\"widget\" data-e-type=\"widget\" id=\"sermao\" data-widget_type=\"heading.default\">\n\t\t\t\t<div class=\"elementor-widget-container\">\n\t\t\t\t\t<h1 class=\"elementor-heading-title elementor-size-default\"><a href=\"https:\/\/www.igrejabatistadecorreas.com.br\/2018\/sermoes\/o-que-falta-para-o-brasil-ser-feliz\/#sermao\">O que falta para o Brasil ser feliz?<\/a><\/h1>\t\t\t\t<\/div>\n\t\t\t\t<\/div>\n\t\t\t\t\t<\/div>\n\t\t\t\t<\/div>\n\t\t<div class=\"elementor-element elementor-element-137e901 e-flex e-con-boxed e-con e-parent\" data-id=\"137e901\" data-element_type=\"container\" data-e-type=\"container\">\n\t\t\t\t\t<div class=\"e-con-inner\">\n\t\t\t\t<div class=\"elementor-element elementor-element-e59c9b8 elementor-widget elementor-widget-text-editor\" data-id=\"e59c9b8\" data-element_type=\"widget\" data-e-type=\"widget\" data-widget_type=\"text-editor.default\">\n\t\t\t\t<div class=\"elementor-widget-container\">\n\t\t\t\t\t\t\t\t\t<strong>Texto base:<\/strong> Salmos 33:12\n<br>\n<strong>O texto diz:<\/strong> &#8220;Bem-aventurada \u00e9 a na\u00e7\u00e3o cujo Deus \u00e9 o Senhor, e o povo ao qual a escolheu para sua heran\u00e7a&#8221;.\n<hr \/>\t\t\t\t\t\t\t\t<\/div>\n\t\t\t\t<\/div>\n\t\t\t\t\t<\/div>\n\t\t\t\t<\/div>\n\t\t<div class=\"elementor-element elementor-element-acf22e1 e-flex e-con-boxed e-con e-parent\" data-id=\"acf22e1\" data-element_type=\"container\" data-e-type=\"container\">\n\t\t\t\t\t<div class=\"e-con-inner\">\n\t\t\t\t<div class=\"elementor-element elementor-element-4c94c8b elementor-widget elementor-widget-heading\" data-id=\"4c94c8b\" data-element_type=\"widget\" data-e-type=\"widget\" data-widget_type=\"heading.default\">\n\t\t\t\t<div class=\"elementor-widget-container\">\n\t\t\t\t\t<h3 class=\"elementor-heading-title elementor-size-default\">Introdu\u00e7\u00e3o<\/h3>\t\t\t\t<\/div>\n\t\t\t\t<\/div>\n\t\t\t\t\t<\/div>\n\t\t\t\t<\/div>\n\t\t<div class=\"elementor-element elementor-element-e157c53 e-flex e-con-boxed e-con e-parent\" data-id=\"e157c53\" data-element_type=\"container\" data-e-type=\"container\">\n\t\t\t\t\t<div class=\"e-con-inner\">\n\t\t\t\t<div class=\"elementor-element elementor-element-84ee8e0 elementor-widget elementor-widget-text-editor\" data-id=\"84ee8e0\" data-element_type=\"widget\" data-e-type=\"widget\" data-widget_type=\"text-editor.default\">\n\t\t\t\t<div class=\"elementor-widget-container\">\n\t\t\t\t\t\t\t\t\t<p>O texto b\u00edblico fala de Felicidade, de Povo e de um Deus que \u00e9 Senhor.<br \/>O que \u00e9 felicidade? A felicidade \u00e9 um estado dur\u00e1vel de plenitude, satisfa\u00e7\u00e3o e equil\u00edbrio f\u00edsico e ps\u00edquico, em que o sofrimento e a inquietude s\u00e3o transformados em emo\u00e7\u00f5es ou sentimentos que vai desde o contentamento at\u00e9 a alegria intensa ou j\u00fabilo.<br \/>O que \u00e9 povo? Do ponto de vista do Direito Constitucional moderno, o povo \u00e9 o conjunto dos cidad\u00e3os de um pa\u00eds, ou seja, as pessoas que est\u00e3o vinculadas a um determinado regime jur\u00eddico, a um estado. Um povo est\u00e1 normalmente associado a uma na\u00e7\u00e3o e pode ser constitu\u00eddo por diferentes etnias.<br \/>Quem \u00e9 esse Deus? IAW\u00c9 \u00e9 o seu nome. O Deus de Israel. O grande Eu sou.<\/p><p>De acordo com o texto como podemos identificar o que falta para o Brasil se enquadrar nos crit\u00e9rios do salmista?<\/p>\t\t\t\t\t\t\t\t<\/div>\n\t\t\t\t<\/div>\n\t\t\t\t\t<\/div>\n\t\t\t\t<\/div>\n\t\t<div class=\"elementor-element elementor-element-88ddcd1 e-flex e-con-boxed e-con e-parent\" data-id=\"88ddcd1\" data-element_type=\"container\" data-e-type=\"container\">\n\t\t\t\t\t<div class=\"e-con-inner\">\n\t\t\t\t<div class=\"elementor-element elementor-element-6aabcac elementor-widget elementor-widget-heading\" data-id=\"6aabcac\" data-element_type=\"widget\" data-e-type=\"widget\" data-widget_type=\"heading.default\">\n\t\t\t\t<div class=\"elementor-widget-container\">\n\t\t\t\t\t<h3 class=\"elementor-heading-title elementor-size-default\">I\u2013 Falta o Deus da na\u00e7\u00e3o (v.4)<\/h3>\t\t\t\t<\/div>\n\t\t\t\t<\/div>\n\t\t\t\t\t<\/div>\n\t\t\t\t<\/div>\n\t\t<div class=\"elementor-element elementor-element-cec57ba e-flex e-con-boxed e-con e-parent\" data-id=\"cec57ba\" data-element_type=\"container\" data-e-type=\"container\">\n\t\t\t\t\t<div class=\"e-con-inner\">\n\t\t\t\t<div class=\"elementor-element elementor-element-830e9de elementor-drop-cap-yes elementor-drop-cap-view-default elementor-widget elementor-widget-text-editor\" data-id=\"830e9de\" data-element_type=\"widget\" data-e-type=\"widget\" data-settings=\"{&quot;drop_cap&quot;:&quot;yes&quot;}\" data-widget_type=\"text-editor.default\">\n\t\t\t\t<div class=\"elementor-widget-container\">\n\t\t\t\t\t\t\t\t\t<p>N\u00e3o \u00e9 que o povo n\u00e3o tenha um deus, \u00e9 que o povo n\u00e3o tem o Deus de Israel, o \u00fanico Deus.<br \/>Buda (Siddhartha Gautama), Maom\u00e9 (Islamismo), Conf\u00facio (Fil\u00f3sofo Chin\u00eas), Mormonismo (Igreja de J. C. dos santos dos \u00faltimos dias \u2013 Joseph Smith), Testemunha de Jeov\u00e1 (Russelitas), Kardecistas (Hippolyte L\u00e9on Denizard Rivail), todos estes t\u00eam um Deus, mas n\u00e3o IAW\u00c9, criador, governador e sustentador do Universo.<br \/><br \/>De acordo com o texto como podemos identificar o que falta para o Brasil se enquadrar nos crit\u00e9rios do salmista?<\/p>\t\t\t\t\t\t\t\t<\/div>\n\t\t\t\t<\/div>\n\t\t\t\t\t<\/div>\n\t\t\t\t<\/div>\n\t\t<div class=\"elementor-element elementor-element-697322d e-flex e-con-boxed e-con e-parent\" data-id=\"697322d\" data-element_type=\"container\" data-e-type=\"container\">\n\t\t\t\t\t<div class=\"e-con-inner\">\n\t\t\t\t<div class=\"elementor-element elementor-element-142a69f elementor-widget elementor-widget-heading\" data-id=\"142a69f\" data-element_type=\"widget\" data-e-type=\"widget\" data-widget_type=\"heading.default\">\n\t\t\t\t<div class=\"elementor-widget-container\">\n\t\t\t\t\t<h3 class=\"elementor-heading-title elementor-size-default\">II\u2013 Falta a palavra de Deus na vida do povo (v. 4)<\/h3>\t\t\t\t<\/div>\n\t\t\t\t<\/div>\n\t\t\t\t\t<\/div>\n\t\t\t\t<\/div>\n\t\t<div class=\"elementor-element elementor-element-3c42b57 e-flex e-con-boxed e-con e-parent\" data-id=\"3c42b57\" data-element_type=\"container\" data-e-type=\"container\">\n\t\t\t\t\t<div class=\"e-con-inner\">\n\t\t\t\t<div class=\"elementor-element elementor-element-1085afc elementor-drop-cap-yes elementor-drop-cap-view-default elementor-widget elementor-widget-text-editor\" data-id=\"1085afc\" data-element_type=\"widget\" data-e-type=\"widget\" data-settings=\"{&quot;drop_cap&quot;:&quot;yes&quot;}\" data-widget_type=\"text-editor.default\">\n\t\t\t\t<div class=\"elementor-widget-container\">\n\t\t\t\t\t\t\t\t\t<p>Todos os ensinos derivados destas religi\u00f5es e seitas transmitem conceitos de sabedoria, \u00e9tica e medita\u00e7\u00e3o, que geram paz, alegria e elimina\u00e7\u00e3o do sofrimento, mas nenhum deles ensina a verdade sobre o homem: de onde ele veio, qual a sua verdadeira miss\u00e3o e para onde ele vai. O pecado \u00e9 desconsiderado e o retorno da alma aperfei\u00e7oada \u00e9 a doutrina m\u00e1xima.<br \/>O deus destas seitas e religi\u00f5es \u00e9 o pr\u00f3prio homem, a sua filosofia ou um ser distante que abandonou a criatura para o seu pr\u00f3prio desenvolvimento.<br \/>A B\u00edblia ainda \u00e9 um livro desconhecido pelos brasileiros. Muitos a conhecem apenas pelo seu formato e por fazer parte da vida c\u00faltica dos evang\u00e9licos.<br \/>A B\u00edblia \u00e9 a revela\u00e7\u00e3o completa de Deus. \u00c9 o manual do fabricante. \u00c9 a b\u00fassola de navega\u00e7\u00e3o e de orienta\u00e7\u00e3o da humanidade.<br \/>Em Jo\u00e3o 5:39-40 Jesus disse: \u201cExaminais as Escrituras, porque v\u00f3s cuidais ter nelas a vida eterna, e s\u00e3o elas que de mim testificam; mas n\u00e3o quereis vir a mim para terdes vida! \u201c.<br \/>Jesus estava dizendo que aqueles homens examinavam as escrituras apenas para obterem conhecimentos utilit\u00e1rios para alcan\u00e7arem a vida eterna, mas o rejeitavam o caminho que conduzia a ela, o filho de Deus, Jesus\u201d.<br \/>N\u00e3o basta ter, conhecer ou examinar a B\u00edblia, \u00e9 preciso ter uma experi\u00eancia pessoal com aquele cuja B\u00edblia aponta como \u00fanico meio de alcan\u00e7ar a salva\u00e7\u00e3o e a vida eterna.<br \/><br \/>De acordo com o texto como podemos identificar o que falta para o Brasil se enquadrar nos crit\u00e9rios do salmista?<\/p>\t\t\t\t\t\t\t\t<\/div>\n\t\t\t\t<\/div>\n\t\t\t\t\t<\/div>\n\t\t\t\t<\/div>\n\t\t<div class=\"elementor-element elementor-element-4908a5b e-flex e-con-boxed e-con e-parent\" data-id=\"4908a5b\" data-element_type=\"container\" data-e-type=\"container\">\n\t\t\t\t\t<div class=\"e-con-inner\">\n\t\t\t\t<div class=\"elementor-element elementor-element-3798e4b elementor-widget elementor-widget-heading\" data-id=\"3798e4b\" data-element_type=\"widget\" data-e-type=\"widget\" data-widget_type=\"heading.default\">\n\t\t\t\t<div class=\"elementor-widget-container\">\n\t\t\t\t\t<h3 class=\"elementor-heading-title elementor-size-default\">III\u2013 Falta um governo justo (Prov. 29:2)<\/h3>\t\t\t\t<\/div>\n\t\t\t\t<\/div>\n\t\t\t\t\t<\/div>\n\t\t\t\t<\/div>\n\t\t<div class=\"elementor-element elementor-element-f39d57a e-flex e-con-boxed e-con e-parent\" data-id=\"f39d57a\" data-element_type=\"container\" data-e-type=\"container\">\n\t\t\t\t\t<div class=\"e-con-inner\">\n\t\t\t\t<div class=\"elementor-element elementor-element-b838fd7 elementor-drop-cap-yes elementor-drop-cap-view-default elementor-widget elementor-widget-text-editor\" data-id=\"b838fd7\" data-element_type=\"widget\" data-e-type=\"widget\" data-settings=\"{&quot;drop_cap&quot;:&quot;yes&quot;}\" data-widget_type=\"text-editor.default\">\n\t\t\t\t<div class=\"elementor-widget-container\">\n\t\t\t\t\t\t\t\t\t<p>Quem s\u00e3o eles? S\u00e3o aqueles que foram justificados pelo sangue de Jesus, o cordeiro de Deus.<br \/>S\u00e3o os que validaram o sacrif\u00edcio vivo de Cristo na cruz do calv\u00e1rio.<br \/>S\u00e3o os que praticam a justi\u00e7a em favor dos injusti\u00e7ados e dos menos favorecidos.<br \/>S\u00e3o os que pregam as boas novas que apontam o \u00fanico justo que pode justificar os demais.<br \/>Quando este justo ora e clama ao seu Deus, \u00e9 atendido; a sua terra \u00e9 sarada e curada para voltar a prosperar atrav\u00e9s das mudan\u00e7as profundas e poderosas realizadas por este Deus.<\/p>\t\t\t\t\t\t\t\t<\/div>\n\t\t\t\t<\/div>\n\t\t\t\t\t<\/div>\n\t\t\t\t<\/div>\n\t\t<div class=\"elementor-element elementor-element-6ae65f8 e-flex e-con-boxed e-con e-parent\" data-id=\"6ae65f8\" data-element_type=\"container\" data-e-type=\"container\">\n\t\t\t\t\t<div class=\"e-con-inner\">\n\t\t\t\t<div class=\"elementor-element elementor-element-bb84b70 elementor-widget elementor-widget-heading\" data-id=\"bb84b70\" data-element_type=\"widget\" data-e-type=\"widget\" data-widget_type=\"heading.default\">\n\t\t\t\t<div class=\"elementor-widget-container\">\n\t\t\t\t\t<h3 class=\"elementor-heading-title elementor-size-default\">Conclus\u00e3o<\/h3>\t\t\t\t<\/div>\n\t\t\t\t<\/div>\n\t\t\t\t\t<\/div>\n\t\t\t\t<\/div>\n\t\t<div class=\"elementor-element elementor-element-4305c57 e-flex e-con-boxed e-con e-parent\" data-id=\"4305c57\" data-element_type=\"container\" data-e-type=\"container\">\n\t\t\t\t\t<div class=\"e-con-inner\">\n\t\t\t\t<div class=\"elementor-element elementor-element-37ae4ad elementor-widget elementor-widget-text-editor\" data-id=\"37ae4ad\" data-element_type=\"widget\" data-e-type=\"widget\" data-widget_type=\"text-editor.default\">\n\t\t\t\t<div class=\"elementor-widget-container\">\n\t\t\t\t\t\t\t\t\t<p>Como Igreja, representantes de Cristo na Terra, temos a responsabilidade de orar, buscar a face de Deus com jejuns, arrependimento e decretos prof\u00e9ticos.<br \/>Paulo ensinou o seguinte a Tim\u00f3teo: \u201cExorto, pois, antes de tudo que se fa\u00e7am s\u00faplicas, ora\u00e7\u00f5es, intercess\u00f5es, e a\u00e7\u00f5es de gra\u00e7as por todos os homens, pelos reis, e por todos os que exercem autoridade, para que tenhamos uma vida tranquila e sossegada, em toda a piedade e honestidade.\u201d ( 1 Tm 2.1-2).<br \/>\u201cFeliz \u00e9 a na\u00e7\u00e3o cujo Deus \u00e9 o Senhor, e o povo que ele escolheu para a sua heran\u00e7a.\u201d<br \/>Como Igreja de Jesus Cristo na terra, devemos testemunhar a alian\u00e7a que temos como Iav\u00e9, Pregar a sua palavra e escolhermos homens e mulheres s\u00e9rios para nos governar com justi\u00e7a e santidade.<br \/>N\u00e3o esperamos uma na\u00e7\u00e3o perfeita aqui neste plano, mas uma numa na\u00e7\u00e3o feliz por causa de Deus, da sua Palavra e dos que a governam com justi\u00e7a!<\/p>\t\t\t\t\t\t\t\t<\/div>\n\t\t\t\t<\/div>\n\t\t\t\t\t<\/div>\n\t\t\t\t<\/div>\n\t\t<div class=\"elementor-element elementor-element-2a4badd e-flex e-con-boxed e-con e-parent\" data-id=\"2a4badd\" data-element_type=\"container\" data-e-type=\"container\">\n\t\t\t\t\t<div class=\"e-con-inner\">\n\t\t\t\t<div class=\"elementor-element elementor-element-ef6d41c elementor-widget elementor-widget-text-editor\" data-id=\"ef6d41c\" data-element_type=\"widget\" data-e-type=\"widget\" data-widget_type=\"text-editor.default\">\n\t\t\t\t<div class=\"elementor-widget-container\">\n\t\t\t\t\t\t\t\t\t<p class=\"footer-page\">Pr. Carlos Henrique Carnavalli<\/p>\t\t\t\t\t\t\t\t<\/div>\n\t\t\t\t<\/div>\n\t\t\t\t\t<\/div>\n\t\t\t\t<\/div>\n\t\t\t\t<\/div>\n\t\t","protected":false},"excerpt":{"rendered":"<p>Texto \u2013 Salmos 33: 12\u00aa<\/p>\n","protected":false},"author":1,"featured_media":1738,"parent":1725,"menu_order":0,"comment_status":"closed","ping_status":"closed","template":"template-fullwidth.php","meta":{"footnotes":""},"class_list":["post-1737","page","type-page","status-publish","has-post-thumbnail","hentry"],"jetpack_sharing_enabled":true,"_links":{"self":[{"href":"https:\/\/www.igrejabatistadecorreas.com.br\/2018\/wp-json\/wp\/v2\/pages\/1737","targetHints":{"allow":["GET"]}}],"collection":[{"href":"https:\/\/www.igrejabatistadecorreas.com.br\/2018\/wp-json\/wp\/v2\/pages"}],"about":[{"href":"https:\/\/www.igrejabatistadecorreas.com.br\/2018\/wp-json\/wp\/v2\/types\/page"}],"author":[{"embeddable":true,"href":"https:\/\/www.igrejabatistadecorreas.com.br\/2018\/wp-json\/wp\/v2\/users\/1"}],"replies":[{"embeddable":true,"href":"https:\/\/www.igrejabatistadecorreas.com.br\/2018\/wp-json\/wp\/v2\/comments?post=1737"}],"version-history":[{"count":27,"href":"https:\/\/www.igrejabatistadecorreas.com.br\/2018\/wp-json\/wp\/v2\/pages\/1737\/revisions"}],"predecessor-version":[{"id":5342,"href":"https:\/\/www.igrejabatistadecorreas.com.br\/2018\/wp-json\/wp\/v2\/pages\/1737\/revisions\/5342"}],"up":[{"embeddable":true,"href":"https:\/\/www.igrejabatistadecorreas.com.br\/2018\/wp-json\/wp\/v2\/pages\/1725"}],"wp:featuredmedia":[{"embeddable":true,"href":"https:\/\/www.igrejabatistadecorreas.com.br\/2018\/wp-json\/wp\/v2\/media\/1738"}],"wp:attachment":[{"href":"https:\/\/www.igrejabatistadecorreas.com.br\/2018\/wp-json\/wp\/v2\/media?parent=1737"}],"curies":[{"name":"wp","href":"https:\/\/api.w.org\/{rel}","templated":true}]}}